{"id":5,"date":"2023-06-22T08:59:38","date_gmt":"2023-06-22T08:59:38","guid":{"rendered":"https:\/\/rastimozajedno.tv\/?page_id=5"},"modified":"2025-12-06T01:02:30","modified_gmt":"2025-12-06T01:02:30","slug":"naslovna","status":"publish","type":"page","link":"https:\/\/rastimozajedno.tv\/en\/","title":{"rendered":""},"content":{"rendered":"<div class=\"wp-block-cover\"><img loading=\"lazy\" decoding=\"async\" width=\"1024\" height=\"576\" class=\"wp-block-cover__image-background wp-image-1738 size-large\" alt=\"\" src=\"https:\/\/rastimozajedno.tv\/wp-content\/uploads\/2025\/11\/tv-forum-roditelji.mp4_000074280-1024x576.png\" data-object-fit=\"cover\" srcset=\"https:\/\/rastimozajedno.tv\/wp-content\/uploads\/2025\/11\/tv-forum-roditelji.mp4_000074280-1024x576.png 1024w, https:\/\/rastimozajedno.tv\/wp-content\/uploads\/2025\/11\/tv-forum-roditelji.mp4_000074280-300x169.png 300w, https:\/\/rastimozajedno.tv\/wp-content\/uploads\/2025\/11\/tv-forum-roditelji.mp4_000074280-768x432.png 768w, https:\/\/rastimozajedno.tv\/wp-content\/uploads\/2025\/11\/tv-forum-roditelji.mp4_000074280-1536x864.png 1536w, https:\/\/rastimozajedno.tv\/wp-content\/uploads\/2025\/11\/tv-forum-roditelji.mp4_000074280-18x10.png 18w, https:\/\/rastimozajedno.tv\/wp-content\/uploads\/2025\/11\/tv-forum-roditelji.mp4_000074280.png 1920w\" sizes=\"auto, (max-width: 1024px) 100vw, 1024px\" \/><span aria-hidden=\"true\" class=\"wp-block-cover__background has-background-dim-20 has-background-dim\" style=\"background-color:#7c7c7c\"><\/span><div class=\"wp-block-cover__inner-container is-layout-constrained wp-block-cover-is-layout-constrained\">\n<p class=\"has-text-align-left has-large-font-size\">Festival Let' GrowTtogether<\/p>\n\n\n\n<p class=\"has-text-align-left has-medium-font-size\">warmly thanks all our guests, partners, and friends for being part of the third edition. We look forward to meeting again in 2026 to share new insights and fresh energy. The conclusions from the 2025 expert panels are available\u00a0<a href=\"https:\/\/rastimozajedno.tv\/en\/zakljucci-strucnih-skupova-festivala-2025\/\" target=\"_blank\" rel=\"noreferrer noopener\"><strong>HERE<\/strong><\/a><a href=\"https:\/\/rastimozajedno.tv\/en\/zakljucci-strucnih-skupova-festivala-2025\/\"><strong>.<\/strong><\/a><\/p>\n<\/div><\/div>","protected":false},"excerpt":{"rendered":"","protected":false},"author":1,"featured_media":0,"parent":0,"menu_order":0,"comment_status":"closed","ping_status":"closed","template":"","meta":{"_acf_changed":false,"footnotes":""},"class_list":["post-5","page","type-page","status-publish","hentry"],"acf":[],"yoast_head":"<!-- This site is optimized with the Yoast SEO plugin v23.6 - https:\/\/yoast.com\/wordpress\/plugins\/seo\/ -->\n<title>Rastimo zajedno - Evropski festival televizijskog stvarala\u0161tva za decu<\/title>\n<meta name=\"description\" content=\"Festival televizijskog stvarala\u0161tva za decu nastoji da podstakne proizvodnju TV emisija za decu, kao i da promovi\u0161e tu vrstu stvarala\u0161tva.\" \/>\n<meta name=\"robots\" content=\"index, follow, max-snippet:-1, max-image-preview:large, max-video-preview:-1\" \/>\n<link rel=\"canonical\" href=\"https:\/\/rastimozajedno.tv\/en\/\" \/>\n<meta property=\"og:locale\" content=\"en_US\" \/>\n<meta property=\"og:type\" content=\"article\" \/>\n<meta property=\"og:title\" content=\"Rastimo zajedno - Evropski festival televizijskog stvarala\u0161tva za decu\" \/>\n<meta property=\"og:description\" content=\"Festival televizijskog stvarala\u0161tva za decu nastoji da podstakne proizvodnju TV emisija za decu, kao i da promovi\u0161e tu vrstu stvarala\u0161tva.\" \/>\n<meta property=\"og:url\" content=\"https:\/\/rastimozajedno.tv\/en\/\" \/>\n<meta property=\"og:site_name\" content=\"Rastimo zajedno\" \/>\n<meta property=\"article:modified_time\" content=\"2025-12-06T01:02:30+00:00\" \/>\n<meta property=\"og:image\" content=\"https:\/\/rastimozajedno.tv\/wp-content\/uploads\/2023\/06\/Rastimo-Zajedno-podloga_web-1-1-1.png\" \/>\n\t<meta property=\"og:image:width\" content=\"600\" \/>\n\t<meta property=\"og:image:height\" content=\"592\" \/>\n\t<meta property=\"og:image:type\" content=\"image\/png\" \/>\n<meta name=\"twitter:card\" content=\"summary_large_image\" \/>\n<meta name=\"twitter:label1\" content=\"Est. reading time\" \/>\n\t<meta name=\"twitter:data1\" content=\"1 minute\" \/>\n<script type=\"application\/ld+json\" class=\"yoast-schema-graph\">{\"@context\":\"https:\/\/schema.org\",\"@graph\":[{\"@type\":\"WebPage\",\"@id\":\"https:\/\/rastimozajedno.tv\/\",\"url\":\"https:\/\/rastimozajedno.tv\/\",\"name\":\"Rastimo zajedno - Evropski festival televizijskog stvarala\u0161tva za decu\",\"isPartOf\":{\"@id\":\"https:\/\/rastimozajedno.tv\/#website\"},\"primaryImageOfPage\":{\"@id\":\"https:\/\/rastimozajedno.tv\/#primaryimage\"},\"image\":{\"@id\":\"https:\/\/rastimozajedno.tv\/#primaryimage\"},\"thumbnailUrl\":\"https:\/\/rastimozajedno.tv\/wp-content\/uploads\/2025\/11\/tv-forum-roditelji.mp4_000074280-1024x576.png\",\"datePublished\":\"2023-06-22T08:59:38+00:00\",\"dateModified\":\"2025-12-06T01:02:30+00:00\",\"description\":\"Festival televizijskog stvarala\u0161tva za decu nastoji da podstakne proizvodnju TV emisija za decu, kao i da promovi\u0161e tu vrstu stvarala\u0161tva.\",\"inLanguage\":\"en-US\",\"potentialAction\":[{\"@type\":\"ReadAction\",\"target\":[\"https:\/\/rastimozajedno.tv\/\"]}]},{\"@type\":\"ImageObject\",\"inLanguage\":\"en-US\",\"@id\":\"https:\/\/rastimozajedno.tv\/#primaryimage\",\"url\":\"https:\/\/rastimozajedno.tv\/wp-content\/uploads\/2025\/11\/tv-forum-roditelji.mp4_000074280-1024x576.png\",\"contentUrl\":\"https:\/\/rastimozajedno.tv\/wp-content\/uploads\/2025\/11\/tv-forum-roditelji.mp4_000074280-1024x576.png\"},{\"@type\":\"WebSite\",\"@id\":\"https:\/\/rastimozajedno.tv\/#website\",\"url\":\"https:\/\/rastimozajedno.tv\/\",\"name\":\"Rastimo zajedno\",\"description\":\"Evropski festival televizijskog stvarala\u0161tva za decu\",\"potentialAction\":[{\"@type\":\"SearchAction\",\"target\":{\"@type\":\"EntryPoint\",\"urlTemplate\":\"https:\/\/rastimozajedno.tv\/?s={search_term_string}\"},\"query-input\":{\"@type\":\"PropertyValueSpecification\",\"valueRequired\":true,\"valueName\":\"search_term_string\"}}],\"inLanguage\":\"en-US\"}]}<\/script>\n<!-- \/ Yoast SEO plugin. -->","yoast_head_json":{"title":"Rastimo zajedno - Evropski festival televizijskog stvarala\u0161tva za decu","description":"Festival televizijskog stvarala\u0161tva za decu nastoji da podstakne proizvodnju TV emisija za decu, kao i da promovi\u0161e tu vrstu stvarala\u0161tva.","robots":{"index":"index","follow":"follow","max-snippet":"max-snippet:-1","max-image-preview":"max-image-preview:large","max-video-preview":"max-video-preview:-1"},"canonical":"https:\/\/rastimozajedno.tv\/en\/","og_locale":"en_US","og_type":"article","og_title":"Rastimo zajedno - Evropski festival televizijskog stvarala\u0161tva za decu","og_description":"Festival televizijskog stvarala\u0161tva za decu nastoji da podstakne proizvodnju TV emisija za decu, kao i da promovi\u0161e tu vrstu stvarala\u0161tva.","og_url":"https:\/\/rastimozajedno.tv\/en\/","og_site_name":"Rastimo zajedno","article_modified_time":"2025-12-06T01:02:30+00:00","og_image":[{"width":600,"height":592,"url":"https:\/\/rastimozajedno.tv\/wp-content\/uploads\/2023\/06\/Rastimo-Zajedno-podloga_web-1-1-1.png","type":"image\/png"}],"twitter_card":"summary_large_image","twitter_misc":{"Est. reading time":"1 minute"},"schema":{"@context":"https:\/\/schema.org","@graph":[{"@type":"WebPage","@id":"https:\/\/rastimozajedno.tv\/","url":"https:\/\/rastimozajedno.tv\/","name":"Rastimo zajedno - Evropski festival televizijskog stvarala\u0161tva za decu","isPartOf":{"@id":"https:\/\/rastimozajedno.tv\/#website"},"primaryImageOfPage":{"@id":"https:\/\/rastimozajedno.tv\/#primaryimage"},"image":{"@id":"https:\/\/rastimozajedno.tv\/#primaryimage"},"thumbnailUrl":"https:\/\/rastimozajedno.tv\/wp-content\/uploads\/2025\/11\/tv-forum-roditelji.mp4_000074280-1024x576.png","datePublished":"2023-06-22T08:59:38+00:00","dateModified":"2025-12-06T01:02:30+00:00","description":"Festival televizijskog stvarala\u0161tva za decu nastoji da podstakne proizvodnju TV emisija za decu, kao i da promovi\u0161e tu vrstu stvarala\u0161tva.","inLanguage":"en-US","potentialAction":[{"@type":"ReadAction","target":["https:\/\/rastimozajedno.tv\/"]}]},{"@type":"ImageObject","inLanguage":"en-US","@id":"https:\/\/rastimozajedno.tv\/#primaryimage","url":"https:\/\/rastimozajedno.tv\/wp-content\/uploads\/2025\/11\/tv-forum-roditelji.mp4_000074280-1024x576.png","contentUrl":"https:\/\/rastimozajedno.tv\/wp-content\/uploads\/2025\/11\/tv-forum-roditelji.mp4_000074280-1024x576.png"},{"@type":"WebSite","@id":"https:\/\/rastimozajedno.tv\/#website","url":"https:\/\/rastimozajedno.tv\/","name":"Rastimo zajedno","description":"Evropski festival televizijskog stvarala\u0161tva za decu","potentialAction":[{"@type":"SearchAction","target":{"@type":"EntryPoint","urlTemplate":"https:\/\/rastimozajedno.tv\/?s={search_term_string}"},"query-input":{"@type":"PropertyValueSpecification","valueRequired":true,"valueName":"search_term_string"}}],"inLanguage":"en-US"}]}},"_links":{"self":[{"href":"https:\/\/rastimozajedno.tv\/en\/wp-json\/wp\/v2\/pages\/5","targetHints":{"allow":["GET"]}}],"collection":[{"href":"https:\/\/rastimozajedno.tv\/en\/wp-json\/wp\/v2\/pages"}],"about":[{"href":"https:\/\/rastimozajedno.tv\/en\/wp-json\/wp\/v2\/types\/page"}],"author":[{"embeddable":true,"href":"https:\/\/rastimozajedno.tv\/en\/wp-json\/wp\/v2\/users\/1"}],"replies":[{"embeddable":true,"href":"https:\/\/rastimozajedno.tv\/en\/wp-json\/wp\/v2\/comments?post=5"}],"version-history":[{"count":338,"href":"https:\/\/rastimozajedno.tv\/en\/wp-json\/wp\/v2\/pages\/5\/revisions"}],"predecessor-version":[{"id":1903,"href":"https:\/\/rastimozajedno.tv\/en\/wp-json\/wp\/v2\/pages\/5\/revisions\/1903"}],"wp:attachment":[{"href":"https:\/\/rastimozajedno.tv\/en\/wp-json\/wp\/v2\/media?parent=5"}],"curies":[{"name":"wp","href":"https:\/\/api.w.org\/{rel}","templated":true}]}}

<!-- This site is optimized with the Yoast SEO plugin v23.6 - https://yoast.com/wordpress/plugins/seo/ -->
<title>Rastimo zajedno - Evropski festival televizijskog stvaralaštva za decu</title>
<meta name="description" content="Festival televizijskog stvaralaštva za decu nastoji da podstakne proizvodnju TV emisija za decu, kao i da promoviše tu vrstu stvaralaštva." />
<meta name="robots" content="index, follow, max-snippet:-1, max-image-preview:large, max-video-preview:-1" />
<link rel="canonical" href="https://rastimozajedno.tv/en/" />
<meta property="og:locale" content="en_US" />
<meta property="og:type" content="article" />
<meta property="og:title" content="Rastimo zajedno - Evropski festival televizijskog stvaralaštva za decu" />
<meta property="og:description" content="Festival televizijskog stvaralaštva za decu nastoji da podstakne proizvodnju TV emisija za decu, kao i da promoviše tu vrstu stvaralaštva." />
<meta property="og:url" content="https://rastimozajedno.tv/en/" />
<meta property="og:site_name" content="Rastimo zajedno" />
<meta property="article:modified_time" content="2025-12-06T01:02:30+00:00" />
<meta property="og:image" content="https://rastimozajedno.tv/wp-content/uploads/2023/06/Rastimo-Zajedno-podloga_web-1-1-1.png" />
	<meta property="og:image:width" content="600" />
	<meta property="og:image:height" content="592" />
	<meta property="og:image:type" content="image/png" />
<meta name="twitter:card" content="summary_large_image" />
<meta name="twitter:label1" content="Est. reading time" />
	<meta name="twitter:data1" content="1 minute" />
<script type="application/ld+json" class="yoast-schema-graph">{"@context":"https://schema.org","@graph":[{"@type":"WebPage","@id":"https://rastimozajedno.tv/","url":"https://rastimozajedno.tv/","name":"Rastimo zajedno - Evropski festival televizijskog stvaralaštva za decu","isPartOf":{"@id":"https://rastimozajedno.tv/#website"},"primaryImageOfPage":{"@id":"https://rastimozajedno.tv/#primaryimage"},"image":{"@id":"https://rastimozajedno.tv/#primaryimage"},"thumbnailUrl":"https://rastimozajedno.tv/wp-content/uploads/2025/11/tv-forum-roditelji.mp4_000074280-1024x576.png","datePublished":"2023-06-22T08:59:38+00:00","dateModified":"2025-12-06T01:02:30+00:00","description":"Festival televizijskog stvaralaštva za decu nastoji da podstakne proizvodnju TV emisija za decu, kao i da promoviše tu vrstu stvaralaštva.","inLanguage":"en-US","potentialAction":[{"@type":"ReadAction","target":["https://rastimozajedno.tv/"]}]},{"@type":"ImageObject","inLanguage":"en-US","@id":"https://rastimozajedno.tv/#primaryimage","url":"https://rastimozajedno.tv/wp-content/uploads/2025/11/tv-forum-roditelji.mp4_000074280-1024x576.png","contentUrl":"https://rastimozajedno.tv/wp-content/uploads/2025/11/tv-forum-roditelji.mp4_000074280-1024x576.png"},{"@type":"WebSite","@id":"https://rastimozajedno.tv/#website","url":"https://rastimozajedno.tv/","name":"Rastimo zajedno","description":"Evropski festival televizijskog stvaralaštva za decu","potentialAction":[{"@type":"SearchAction","target":{"@type":"EntryPoint","urlTemplate":"https://rastimozajedno.tv/?s={search_term_string}"},"query-input":{"@type":"PropertyValueSpecification","valueRequired":true,"valueName":"search_term_string"}}],"inLanguage":"en-US"}]}</script>
<!-- / Yoast SEO plugin. -->

Rastimo zajedno - Evropski festival televizijskog stvaralaštva za decu

Festival televizijskog stvaralaštva za decu nastoji da podstakne proizvodnju TV emisija za decu, kao i da promoviše tu vrstu stvaralaštva.

Evropski festival televizijskog stvaralaštva za decu
